(2)?
4
Let r(j) be the first derivative of 2 - 2*j**2 - j + 2 + 4*j. Calculate r(2).
-5
Let g(l) = -2*l**2 + 2*l - 4. Let m be (2 - (-11)/(-5)) + (-48)/(-15). Determine g(m).
-16
Suppose 3*q = 8*q - 20. Let w(m) = 5 - m**2 - 4*m**2 - m**3 + m + 2*m**3. Give w(q).
-7
Let i = 55 + -56. Let h(f) = -22*f**3 - f**2 + f + 1. Calculate h(i).
21
Let b(u) = u**3 + 3*u**2 - 5*u + 1. Let d(s) = s**2 - 4*s - 3. Let l be d(5). Suppose f + 8 = l*f. Let w = 4 - f. Determine b(w).
5
Suppose -5*d - 28 + 13 = 0. Let q(o) = 4 + 0 + 5*o**2 - 8 + o**3 + 2*o. Give q(d).
8
Suppose -5 = -5*i - 3*y, -2 = -y + 3. Let x(q) = -q + 2. Give x(i).
4
Let p(t) = -t**3 + 5*t**2 - 3*t + 2. Let m = 11 + -13. Let n(z) = 2*z + 1. Let j be n(4). Let d be 42/j + m/3. What is p(d)?
6
Let v(q) = 3*q - 6. Let y be -3 - 0 - (-4 - 16/(-8)). Let z = -8 - -2. Let b = y - z. Calculate v(b).
9
Let b(y) = 46*y + 0*y**2 - y**2 - 44*y - y**3 + 4. Calculate b(-3).
16
Let z(f) = -4*f**2 + 7*f + 1. Let h(y) = y**2. Let n(d) = -3*h(d) - z(d). Calculate n(8).
7
Let k(m) = m + 3. Let z be (3 - -3)*(-1 + 0). Calculate k(z).
-3
Let u(g) = -g**3 - 7*g**2 - g + 3. Let m be (-5 + -2)*1 - (-2 - -2). Determine u(m).
10
Let c(d) be the second derivative of -d**6/180 - d**5/120 + d**4/24 - d**3/3 - d. Let f(x) be the second derivative of c(x). What is f(-2)?
-5
Let r(c) be the second derivative of c**4/3 - 2*c**3/3 - 40*c. Determine r(3).
24
Let d(j) be the second derivative of -j**4/12 - 5*j**3/6 + j**2/2 + 7*j. Let l be 3*(0 - 4/3). Determine d(l).
5
Let j be (-5 - 0/1) + -1. Let t(u) = -u**2 - 6*u - 7. Calculate t(j).
-7
Let a(u) = 1 + 16*u - 20*u + 2 + 2. Let l = -29 - -18. Let b = 15 + l. Calculate a(b).
-11
Let p(z) = 2*z + 5. Let w(o) = -2*o - 4. Let x(r) = 2*p(r) + 3*w(r). Let y = 0 + 4. Suppose 4*a - 15 = -a, 5*c + 22 = y*a. Give x(c).
2
Let z(r) = -3*r + 5. Suppose 7*s + 20 = 2*s. Let q(m) = -5*m + 9. Let u(k) = s*q(k) + 7*z(k). Let v be u(-4). Let x(o) = 2*o - 4. What is x(v)?
2
Let q be ((-15)/10)/((-57)/24 + 2). Let r(n) = n**3 - 4*n**2 + 4*n - 3. Determine r(q).
13
Let w(t) be the third derivative of -t**5/60 - t**4/8 - t**3/2 + 6*t**2. Let p be -1 - (3 + -1)*-1. Let n be (2 - 3) + -2*p. Determine w(n).
-3
Let j(v) = -v**2 + 6*v + 5. Let d be j(7). Let n(i) = -i - 6. Let z(m) = 3*m + 17. Let c(u) = 17*n(u) + 6*z(u). Calculate c(d).
-2
Let q(s) = -s**2 - 9*s + 11. Let j be q(-9). Let l(i) = 5*i - 2 + 5 + 3. Let a(d) = -14*d - 17. Let p(m) = j*l(m) + 4*a(m). Give p(-5).
3
Let x(r) = 2*r + 7. Let k(b) = b - 8. Let s be k(4). Let q = s - 2. Give x(q).
-5
Let v(j) = 8*j - 6. Let y(q) = -9*q + 7. Let i(u) = -6*v(u) - 5*y(u). Calculate i(1).
-2
Let i be 7 - (-2)/(0 - 2). Let s(v) be the second derivative of -v**3/6 + 5*v**2 + 20*v. What is s(i)?
4
Let u(x) = -2*x + 0*x**2 + 1 + 3*x + x**2. Let n(m) = 3*m**2 + m - 2. Let i(p) = -p**2 - p + 1. Let h(d) = 2*i(d) + n(d). Let s be h(1). Calculate u(s).
1
Let w(f) = 3 - 45*f + 89*f - 40*f. What is w(-3)?
-9
Suppose 3*g + 21 = c, 2*g + 12 = -2*g. Let n = 7 - c. Let w(y) = -y**2. Let j(t) = t**3 + t**2 + 7*t + 5. Let b(u) = j(u) - 5*w(u). What is b(n)?
-5
Let o(g) = -158 + 302 - 173 - g. What is o(0)?
-29
Let r(b) = b**2 + b + 1. Suppose 0 = 57*f - 58*f - 1. Give r(f).
1
Let k(p) be the first derivative of 3*p**2/2 + 9*p - 31. Determine k(-7).
-12
Let s(u) = u - 1. Let j(i) = 3*i - 2. Let t(q) = -j(q) + 2*s(q). Let h(k) = -k**3 - 5*k**2 + k + 4. Let p be h(-4). Let y = p + 20. Calculate t(y).
-4
Let g(d) = -d**3 - 3*d**2 - d - 2. Let v = 92 + -94. Calculate g(v).
-4
Suppose 2*r - 3*r = -2. Let p(j) = 2*j**2 - 4 + 3 + j + r*j**2 - 2*j. What is p(-1)?
4
Let j(p) = -p - 13. Let s be j(-16). Let d(y) = -y + 3. What is d(s)?
0
Suppose 0*s - 2*s = 8. Let m = s + 6. Let h(j) = -j + j + 2*j**m. Calculate h(-1).
2
Let y(m) = 12 + 2 + 238*m - 237*m. Give y(-6).
8
Let o(p) = 3*p**2 + 3*p - 9. Let c(s) = 2*s**2 + 2*s - 8. Let j(m) = 4*c(m) - 3*o(m). What is j(0)?
-5
Let o = 18 + -13. Suppose o*t + 16 = 6. Let w(l) = -l**2 + 6*l + 1. Let a(x) = -2*x**2 + 8*x + 2. Let h(v) = -3*a(v) + 4*w(v). Determine h(t).
6
Let u(v) = -v**3 + 9*v**2 + 7*v - 8. Let r(a) = -5*a**3 + 36*a**2 + 28*a - 31. Let t(x) = 2*r(x) - 9*u(x). Give t(-8).
2
Let z(o) be the second derivative of 4*o + 1/3*o**3 + 0 + 1/12*o**4 - 3/2*o**2. Give z(-5).
12
Suppose -25 = -5*a - 0*a. Let o = 1 - 1. Suppose -a*j + 32 - 7 = o. Let x(s) = -s**2 + 6*s - 2. Determine x(j).
3
Let h be (-1 - 14/(-8))*-4. Let w(d) be the first derivative of -5*d - 1 - 1/2*d**2. Determine w(h).
-2
Let r = -3/38 - -68/19. Let y(m) be the second derivative of -m + 1/6*m**3 + 0 - 5/12*m**4 - 1/20*m**5 + r*m**2. Determine y(-5).
2
Let v(k) = -k**2 + k - 3. Let m(j) = -2*j**2 + 3*j - 7. Let r(u) = 4*m(u) - 9*v(u). Give r(-3).
-1
Let v(u) be the first derivative of -u**3/3 - 2*u**2 - 6*u + 1. Let m(h) = h**3 + 12*h**2 - 2*h - 28. Let c be m(-12). What is v(c)?
-6
Let j = -26 - -34. Let w(f) = -f. What is w(j)?
-8
Let c(f) = 21*f + f**2 - 13*f + 1 - 9*f. Determine c(4).
13
Let t(b) = -102 + 102 + 8*b**2. What is t(1)?
8
Let o(d) = -5*d + 1. Let l(b) = 9*b - 1. Let f(h) = -4*l(h) - 7*o(h). Let n(a) = a + 3. Suppose 4*k = -4*y + 12, -5*k + 3 = -0*k + y. Let t be n(k). Give f(t).
-6
Suppose -4*g - 15 = -75. Let b = g - 14. Let o(m) = 6*m**3 - m**2 + m. Determine o(b).
6
Let t(s) = -39*s**2 - 4*s + 17*s**2 + 10*s**2 + 14*s**2. What is t(3)?
6
Let j(c) be the first derivative of -c**3/3 - c**2 + 4*c + 24. Determine j(-4).
-4
Let q(c) = -5*c**3 - 1 + 4*c - 4*c. Suppose 5*f + 4*k = 10*f + 21, -f - 5*k + 19 = 0. Give q(f).
4
Let a(n) = n**2 - 7*n + 5. Suppose -m = -5*m + 4. Let t = 2 + m. Let h = t + 2. Determine a(h).
-5
Let l(h) = -h**3 - 6*h**2 - h - 6. Let m be l(-6). Let d(r) = 37 - r**2 + 0*r - r - 31. Determine d(m).
6
Let f(c) = 2*c - 7*c - 5 + 3*c + 4. Let o(x) = -x - 1. Let t be o(-3). What is f(t)?
-5
Let c = -20 + 14. Let m = c + 5. Let y(z) = -2*z**2 - z - 3*z**2 - z**2. Give y(m).
-5
Let c(i) = -i**3 - 6*i**2 + 7*i - 2. Let u(p) = p**3 + 5*p**2 - 6*p + 2. Let s(z) = -5*c(z) - 6*u(z). Let t be 2*-1 + -1 + 1. Give s(t).
4
Let g(d) = 3*d**2 - 11*d + 2. Let q(k) = -k**2 - 3 + 10*k - 4*k + 11*k - 4*k**2. Let i(x) = -8*g(x) - 5*q(x). Determine i(-2).
-3
Let j(k) = -k**2 - 2*k. Let u(l) be the second derivative of -l**4/12 + 5*l**3/6 + 3*l**2 - 2*l. Let z be u(6). Suppose z*q + q = -2. Give j(q).
0
Let d(r) = -2*r**2 - r - 1. Let j(c) = c**2 - 6*c + 2. Let s be j(5). Let z = 8 + -8. Let p be z/s + (-3 - -2). Give d(p).
-2
Let a(d) = -3 + 8*d - d**3 + 2*d**3 - 6 - 8*d**2 + 1. Calculate a(7).
-1
Let q(y) = 2*y**2 + 3*y - 3. Let f(b) = -3*b**2 - 6*b + 5. Let l(z) = 3*f(z) + 5*q(z). Give l(5).
10
Let u(p) = 3*p + 3. Suppose 2*x = -0*x + 8. Suppose 14 = -5*j + x. Determine u(j).
-3
Let k(x) = -2*x - 7. Let q(c) = 5*c**2 + 7*c + 1. Let a(v) = -11*v**2 - 15*v - 2. Let i(u) = 6*a(u) + 13*q(u). Let l be i(3). Give k(l).
3
Let g be ((-8)/(-10))/((-2)/(-5)). Let r(l) = -l**g + 1 + 9*l - 2*l - 8. Suppose 2*m - 4 = 8. Determine r(m).
-1
Let m(n) = 0*n + 0 + 4 - 10*n + 8*n. Let b = 7 - 1. Determine m(b).
-8
Let j(k) be the third derivative of k**4/12 - k**3/3 - 2*k**2. Let f(t) = t - 9. Let m(v) = v - 5. Let z(r) = -4*f(r) + 7*m(r). Let d be z(-1). Calculate j(d).
-6
Let t(y) be the first derivative of y**3/3 - 5*y**2/2 + 2*y - 15. Determine t(3).
-4
Let h(f) = f - 6. Let m be h(3). Let n(a) = -a**2 - 2*a + 1. Let j(c) = c**2 + 3*c - 1. Let d(u) = 4*j(u) + 3*n(u). Give d(m).
-10
Let n(l) be the second derivative of -l**6/360 - l**5/15 - l**4/4 + 2*l. Let p(x) be the third derivative of n(x). Determine p(-6).
4
Let i(s) = -s**2 + s + 1. Let t be 0/(1 - (1 + 2)). Give i(t).
1
Let x(k) be the first derivative of 0*k**3 + 1/24*k**4 + 3/2*k**2 + 4 + 0*k. Let o(j) be the second derivative of x(j). Give o(3).
3
Let y(j) be the second derivative of -j**7/840 + j**6/360 + j**5/120 + j**4/24 + j**3/2 + j. Let n(h) be the second derivative of y(h). Calculate n(-1).
2
Let q = 12 + -7. Suppose -x + 3 = h, h - q - 16 = 5*x. Let s(j) = -2*j + 8. What is s(h)?
-4
Let t(i) = 5*i. Let y be (-7)/14*(2 + 0). Give t(y).
-5
Let h(l) = 4*l**3 + 3*l**2 + l + 1. Suppose -w + 7*w + 12 = 0. Calculate h(w).
-21
Let s(x) = 2*x - 9. Let y = -5 - -3. Let m be (-1 + 3)*(-12)/3. Let b